507951 (base 10) in base 8?
-1740057
Convert -12442352 (base 6) to base 11.
-260136
What is 1000010100100000101101 (base 2) in base 8?
10244055
Convert -1000110101100110000 (base 2) to base 10.
-289584
24314 (base 13) to base 3
10101010112
1212404 (base 7) to base 9
255002
121000022200112 (base 3) to base 12
2a244b8
Convert 32038a (base 15) to base 5.
1102131210
Convert -502311 (base 7) to base 3.
-11022102120
663636 (base 9) to base 15
7c696
What is 1851c6 (base 13) in base 15?
c10ec
137754 (base 10) to base 9
228860
Convert 1abd6 (base 15) to base 5.
10241201
Convert 48a546 (base 11) to base 9.
1411451
What is -11022001111211 (base 3) in base 15?
-301c8a
-112121211111110 (base 3) to base 10
-7771503
Convert 4a204 (base 14) to base 12.
89050
Convert 55415354 (base 7) to base 12.
1724902
a1d55 (base 16) to base 2
10100001110101010101
Convert -4637313 (base 9) to base 15.
-3473b9
What is 6990123 (base 11) in base 4?
232211020310
Convert -1788aa (base 11) to base 4.
-1003031022
Convert -a1d1 (base 16) to base 15.
-c41a
20120222021 (base 3) to base 6
2440354
Convert 9144750 (base 10) to base 3.
122012121020110
42233000 (base 8) to base 4
202103120000
-412b97 (base 13) to base 15
-20060a
What is 2b978a (base 13) in base 4?
10013021003
-5779c6 (base 13) to base 7
-23424025
Convert -159884 (base 12) to base 9.
-622541
Convert -10563354 (base 7) to base 5.
-214020244
What is 1022023332 (base 4) in base 5?
34210440
What is -31027465 (base 9) in base 3?
-1001000221112012
Convert -11ac90a (base 14) to base 15.
-b29682
Convert 86752 (base 14) to base 7.
2523132
-a291b (base 14) to base 16
-5f90d
Convert -4809 (base 13) to base 2.
-10011110100101
What is -45042554 (base 6) in base 13?
-387673
Convert 1402114 (base 10) to base 4.
11112110002
What is 9bcb (base 16) in base 6?
504351
Convert 300232232 (base 4) to base 3.
101010210112
-12413032 (base 5) to base 9
-206516
-101111100000110 (base 2) to base 14
-8c18
What is 2572643 (base 8) in base 6?
23221111
-254151542 (base 6) to base 3
-100100000010122
-26986 (base 12) to base 13
-1b303
-814114 (base 9) to base 8
-1655253
Convert -1355336 (base 10) to base 13.
-385b98
1020023211 (base 4) to base 11
192146
-3437150 (base 8) to base 7
-10635342
What is 475a0 (base 12) in base 8?
273210
Convert 255211040 (base 6) to base 2.
10011000110111110000000
Convert 23413034 (base 6) to base 7.
6141523
What is -70602 (base 8) in base 12?
-14996
Convert 924548 (base 11) to base 13.
3cca45
-383540 (base 11) to base 13
-182457
What is -498b6c (base 13) in base 3?
-10022111122212
106b296 (base 14) to base 5
3443300430
What is 11474 (base 12) in base 7?
124300
Convert 10441214133 (base 5) to base 4.
230133210310
Convert ecf640 (base 16) to base 12.
524b000
Convert 11200210112221 (base 3) to base 10.
2495770
Convert 1303254 (base 9) to base 3.
1100010021211
12101010012212 (base 3) to base 7
33164432
-1333424331 (base 5) to base 9
-6383146
-5551400 (base 6) to base 10
-279000
What is 1343415 (base 6) in base 13?
2876c
Convert 1380032 (base 9) to base 10.
761105
100079 (base 11) to base 10
161137
What is -1101000010010100110000 (base 2) in base 16?
-342530
What is 39175d (base 14) in base 6?
110025515
-36c3c7 (base 16) to base 5
-1404322223
What is 1000211201001 (base 3) in base 2?
10000101110010011001
Convert 1a29c (base 16) to base 14.
2b0a8
What is 6e78 (base 16) in base 6?
334532
-10020012022010 (base 3) to base 16
-1a303d
Convert -10222220101 (base 3) to base 2.
-10011001101000101
What is -5bd6c (base 16) in base 4?
-1123311230
What is -102222112102011 (base 3) in base 13?
-141c721
What is -4870756 (base 9) in base 10?
-2644701
-30119 (base 11) to base 14
-120b6
-22330022220 (base 4) to base 9
-5350883
-113b31a (base 14) to base 5
-4100312104
202212234 (base 5) to base 10
819694
Convert 23533333 (base 6) to base 3.
1101202201210
What is 101101111100101111100 (base 2) in base 10?
1505660
Convert 1401144231 (base 5) to base 12.
1227169
Convert -264837 (base 9) to base 3.
-22011221021
What is -b3131 (base 13) in base 5?
-40232341
Convert -1474060 (base 9) to base 15.
-111e09
3657c (base 13) to base 8
302745
Convert 1591e (base 16) to base 2.
10101100100011110
What is 1000011101111100111010 (base 2) in base 8?
10357472
Convert 517212 (base 9) to base 3.
120121020102
What is 3b21b (base 13) in base 2?
11010111010000100
-7416821 (base 10) to base 9
-14853862
Convert 1120131133 (base 4) to base 11.
228256
23a7a (base 14) to base 5
10242012
What is -1033737 (base 8) in base 12?
-113b93
-111102000112 (base 3) to base 7
-2146265
What is -124313411 (base 5) in base 3?
-1011111021122
52614665 (base 7) to base 4
101000113301
-111166103 (base 7) to base 13
-151c67c
Convert -75780 (base 15) to base 16.
-5b0d1
-10042121443 (base 5) to base 12
-3479012
What is -179e50 (base 15) in base 9?
-2137773
What is -209645 (base 12) in base 7?
-4240634
-664423 (base 12) to base 6
-54454443
22001221200122 (base 3) to base 7
51315053
What is -de20c7 (base 16) in base 7?
-234510231
What is -506024 (base 10) in base 9?
-851118
What is 950a4 (base 12) in base 15?
3cd5d
What is 4835506 (base 9) in base 6?
132110223
Convert 245677 (base 15) to base 6.
101141351
Convert 93ad39 (base 14) to base 3.
100101022002200
What is -122101210 (base 4) in base 8?
-322144
-1111110001100101 (base 2) to base 15
-14228
-320425323 (base 6) to base 12
-1a78243
Convert 324634 (base 7) to base 5.
3310124
Convert -387b47 (base 15) to base 10.
-2709292
Convert 103254244 (base 6) to base 7.
21442645
Convert 83088 (base 14) to base 5.
40100210
-52817 (base 10) to base 5
-3142232
Convert -1185a (base 15) to base 3.
-2211122211
Convert 60246c (base 15) to base 16.
45a422
What is 442044321 (base 5) in base 4?
13102021120
Convert 5ba4a6 (base 14) to base 9.
5815322
-274603 (base 11) to base 5
-102240032
What is 3484480 (base 12) in base 10?
10126752
What is 1611555 (base 8) in base 12?
1a4439
What is 48355 (base 10) in base 7?
260656
What is -50831b (base 13) in base 4?
-13021222030
What is aab53 (base 12) in base 8?
671757
Convert 4435654 (base 9) to base 15.
321d9d
777764 (base 10) to base 13
213020
Convert -3c35c0 (base 15) to base 3.
-12110012000100
What is -13383414 (base 10) in base 15?
-12956c9
Convert 2100220111220 (base 3) to base 13.
350727
Convert -10242707 (base 8) to base 9.
-4083134
What is -343752 (base 8) in base 9?
-187082
What is -1111331322 (base 5) in base 3?
-11121102100022
What is 356467 (base 8) in base 4?
131310313
Convert -1208766 (base 9) to base 3.
-1020022212020
What is 6300466 (base 7) in base 10?
756559
What is 931a3 (base 13) in base 11?
170338
-20210022102101 (base 3) to base 5
-1410430003
Convert 4533 (base 6) to base 8.
2051
Convert -20206377 (base 8) to base 12.
-151713b
What is c92c23 (base 15) in base 10?
9577608
Convert -6ec4d1 (base 16) to base 3.
-111122210221122
64a428 (base 14) to base 8
15001744
What is 11100100011101111011 (base 2) in base 7?
10645201
-175da (base 16) to base 13
-34740
Convert -1b876b (base 13) to base 14.
-144960
180bc (base 15) to base 14
204d4
Convert -10001100000000 (base 2) to base 15.
-29c5
Convert 303111210 (base 4) to base 5.
23212101
What is 14176 (base 12) in base 3?
1102020200
1000011100011011101100 (base 2) to base 7
24546452
What is 1010011122021 (base 3) in base 6?
20421224
What is 7b807 (base 13) in base 9?
373233
Convert -486145 (base 11) to base 12.
-311380
What is -33363134 (base 7) in base 11?
-16a3a24
-12246412 (base 7) to base 13
-2c885b
What is 229a96 (base 14) in base 7?
13011046
-43123126 (base 8) to base 12
-3106332
Convert 641616 (base 9) to base 16.
5d348
Convert -1240432240 (base 5) to base 7.
-35010601
What is -20112120122 (base 3) in base 13?
-46790
What is 24035653 (base 8) in base 10?
5258155
Convert -664505 (base 9) to base 11.
-251297
What is -aae16 (base 16) in base 11?
-438957
Convert 1120330312 (base 4) to base 11.
229810
What is 3052258 (base 9) in base 6?
54524425
Convert -1935831 (base 10) to base 7.
-22311552
-10111110011001001101 (base 2) to base 13
-213c69
What is -13202054 (base 6) in base 12?
-19032a
-5124b (base 14) to base 2
-101111101011010011
213464536 (base 7) to base 15
11c969a
669259 (base 10) to base 12
283377
Convert 40057 (base 11) to base 10.
58626
Convert -243102132